and 70.
10
What is the greatest common factor of 7310 and 255?
85
What is the greatest common divisor of 632 and 395?
79
What is the highest common divisor of 171 and 87552?
171
Calculate the greatest common factor of 90 and 40.
10
Calculate the highest common factor of 236 and 12.
4
Calculate the highest common divisor of 533 and 82.
41
Calculate the highest common factor of 12 and 30684.
12
Calculate the highest common factor of 19964 and 70.
14
Calculate the greatest common factor of 672 and 84.
84
What is the greatest common divisor of 16 and 20624?
16
What is the highest common divisor of 60 and 84?
12
What is the highest common divisor of 60 and 28785?
15
Calculate the highest common factor of 112 and 160.
16
Calculate the highest common divisor of 2646 and 54.
54
What is the greatest common factor of 2491 and 318?
53
What is the highest common factor of 136 and 374?
34
Calculate the highest common divisor of 16 and 14504.
8
What is the greatest common factor of 180 and 108?
36
What is the highest common factor of 22383 and 27?
27
Calculate the highest common divisor of 22 and 3729.
11
What is the highest common divisor of 77 and 3047?
11
What is the highest common divisor of 315 and 1080?
45
What is the highest common factor of 17 and 29529?
17
Calculate the highest common factor of 2164 and 12.
4
What is the highest common factor of 19177 and 302?
151
Calculate the greatest common factor of 2497 and 11.
11
Calculate the highest common divisor of 22260 and 10.
10
What is the highest common divisor of 228 and 1482?
114
Calculate the greatest common factor of 156 and 429.
39
What is the greatest common divisor of 60 and 750?
30
What is the highest common factor of 832 and 117?
13
What is the highest common factor of 74954 and 22?
22
What is the greatest common divisor of 14 and 8?
2
Calculate the greatest common divisor of 35 and 630.
35
Calculate the highest common factor of 76 and 2318.
38
Calculate the highest common factor of 32 and 176.
16
What is the highest common factor of 301 and 679?
7
What is the greatest common divisor of 43 and 387?
43
Calculate the highest common factor of 598 and 26.
26
Calculate the highest common divisor of 77 and 22561.
77
Calculate the greatest common divisor of 740 and 820.
20
What is the highest common factor of 72 and 588?
12
What is the greatest common divisor of 6 and 774?
6
What is the highest common divisor of 85 and 585?
5
Calculate the highest common factor of 264 and 56.
8
Calculate the greatest common divisor of 630 and 84.
42
Calculate the greatest common divisor of 40570 and 40.
10
Calculate the highest common divisor of 46 and 299.
23
What is the highest common factor of 84 and 210?
42
Calculate the highest common divisor of 156 and 48.
12
What is the greatest common factor of 2 and 13?
1
Calculate the highest common factor of 220 and 1364.
44
Calculate the greatest common divisor of 3362 and 328.
82
Calculate the greatest common divisor of 95 and 437.
19
Calculate the highest common divisor of 120 and 36.
12
Calculate the greatest common divisor of 98 and 70.
14
Calculate the highest common factor of 111 and 3.
3
Calculate the greatest common divisor of 20 and 14090.
10
Calculate the greatest common factor of 132 and 12.
12
Calculate the highest common factor of 4445 and 7.
7
Calculate the greatest common divisor of 2875 and 115.
115
What is the highest common divisor of 268 and 67?
67
Calculate the highest common divisor of 3462 and 42.
6
Calculate the greatest common divisor of 240 and 2032.
16
What is the highest common factor of 1836 and 136?
68
What is the highest common divisor of 2809 and 159?
53
Calculate the greatest common factor of 152 and 228.
76
What is the highest common factor of 39 and 7124?
13
Calculate the greatest common divisor of 21 and 2884.
7
Calculate the greatest common divisor of 15 and 1065.
15
Calculate the greatest common factor of 592 and 16.
16
What is the highest common divisor of 316 and 553?
79
What is the greatest common factor of 637 and 2756?
13
Calculate the highest common factor of 2248 and 8.
8
What is the greatest common divisor of 12 and 111?
3
Calculate the greatest common divisor of 6137 and 7752.
323
Calculate the greatest common factor of 273 and 42.
21
What is the greatest common factor of 1224 and 34?
34
What is the highest common factor of 18891 and 9?
9
What is the highest common divisor of 590 and 1888?
118
What is the greatest common factor of 54 and 42?
6
What is the highest common divisor of 117 and 54?
9
What is the highest common factor of 259 and 111?
37
What is the highest common factor of 24 and 4728?
24
What is the greatest common factor of 992 and 31?
31
Calculate the greatest common divisor of 1660 and 40.
20
Calculate the greatest common factor of 791 and 7.
7
What is the highest common divisor of 30 and 375?
15
What is the highest common divisor of 30 and 2390?
10
Calculate the greatest common factor of 26 and 33514.
26
Calculate the greatest common divisor of 34 and 2074.
34
What is the greatest common factor of 221 and 26?
13
Calculate the greatest common factor of 30 and 894.
6
Calculate the highest common divisor of 25 and 5425.
25
What is the greatest common factor of 26 and 2327?
13
Calculate the highest common factor of 319 and 696.
29
Calculate the greatest common divisor of 45 and 60.
15
Calculate the greatest common factor of 70 and 90.
10
What is the highest common factor of 660 and 960?
60
What is the greatest common divisor of 416 and 39?
13
Calculate the greatest common divisor of 10 and 310.
10
Calculate the highest common divisor of 472 and 16.
8
What is the highest common divisor of 8435 and 35?
35
What is the highest common divisor of 903 and 21?
21
What is the highest common factor of 2023 and 13294?
289
What is the highest common divisor of 392 and 45668?
196
What is the greatest common factor of 9 and 57?
3
Calculate the greatest common factor of 79 and 1.
1
Calculate the highest common factor of 18 and 117.
9
Calculate the highest common factor of 350 and 14.
14
What is the highest common divisor of 3675 and 168?
21
What is the highest common factor of 42 and 336?
42
Calculate the highest common divisor of 187 and 11.
11
Calculate the highest common factor of 9142 and 7.
7
Calculate the greatest common factor of 55 and 143.
11
Calculate the highest common divisor of 2431 and 153.
17
Calculate the highest common factor of 4 and 30956.
4
Calculate the greatest common factor of 615 and 3.
3
Calculate the highest common factor of 3 and 541.
1
Calculate the highest common divisor of 114 and 513.
57
Calculate the greatest common divisor of 9504 and 270.
54
What is the highest common divisor of 4296 and 24?
24
What is the greatest common factor of 690 and 45?
15
What is the highest common divisor of 480 and 330?
30
What is the greatest common factor of 25 and 5?
5
Calculate the highest common divisor of 1 and 23.
1
What is the highest common factor of 33 and 33?
33
Calculate the highest common divisor of 2538 and 940.
94
Calculate the highest common factor of 301 and 7.
7
Calculate the greatest common factor of 54 and 243.
27
What is the highest common factor of 203 and 87?
29
What is the greatest common divisor of 1919 and 152?
19
What is the highest common divisor of 750 and 30?
30
What is the highest common divisor of 525 and 25?
25
Calculate the highest common divisor of 6 and 55.
1
Calculate the greatest common factor of 18 and 21.
3
What is the greatest common factor of 525 and 375?
75
Calculate the highest common factor of 2679 and 1128.
141
Calculate the highest common divisor of 49 and 22344.
49
What is the highest common divisor of 16 and 263?
1
What is the highest common factor of 667 and 46?
23
What is the greatest common factor of 3 and 52?
1
Calculate the greatest common divisor of 19 and 6.
1
What is the highest common divisor of 16569 and 526?
263
Calculate the highest common divisor of 918 and 45.
9
What is the highest common divisor of 4 and 28?
4
What is the highest common divisor of 282 and 6?
6
Calculate the greatest common factor of 385 and 20.
5
What is the greatest common factor of 1100 and 748?
44
Calculate the highest common factor of 53823 and 33.
33
Calculate the highest common 